git of 769421905?
5
What is the units digit of 668608299?
9
What is the ten millions digit of 82415607?
8
What is the tens digit of 27152263?
6
What is the hundreds digit of 5283735909?
9
What is the tens digit of 1446399328?
2
What is the hundred thousands digit of 427055527?
0
What is the hundreds digit of 102052898?
8
What is the ten thousands digit of 11609434?
0
What is the hundreds digit of 44797378?
3
What is the ten thousands digit of 47720596?
2
What is the ten thousands digit of 83210323?
1
What is the tens digit of 169845251?
5
What is the hundreds digit of 199549906?
9
What is the thousands digit of 36019488?
9
What is the ten thousands digit of 9771717?
7
What is the tens digit of 95663536?
3
What is the tens digit of 1275530949?
4
What is the millions digit of 284231546?
4
What is the ten millions digit of 423496990?
2
What is the units digit of 21349832?
2
What is the millions digit of 715993768?
5
What is the hundreds digit of 848380358?
3
What is the ten millions digit of 304682813?
0
What is the units digit of 170662906?
6
What is the hundred thousands digit of 81818019?
8
What is the hundred millions digit of 395591529?
3
What is the hundred thousands digit of 1196856234?
8
What is the tens digit of 115485882?
8
What is the tens digit of 990477863?
6
What is the thousands digit of 4465195?
5
What is the thousands digit of 443223290?
3
What is the millions digit of 4806358538?
6
What is the tens digit of 226883347?
4
What is the thousands digit of 562912684?
2
What is the ten thousands digit of 141917636?
1
What is the ten millions digit of 35292085?
3
What is the thousands digit of 15231020?
1
What is the millions digit of 438523869?
8
What is the units digit of 273438615?
5
What is the hundreds digit of 15725264?
2
What is the units digit of 2399291342?
2
What is the ten millions digit of 1325441463?
2
What is the units digit of 152072050?
0
What is the thousands digit of 414432118?
2
What is the billions digit of 3247728795?
3
What is the millions digit of 81726178?
1
What is the hundreds digit of 59835385?
3
What is the ten thousands digit of 2776266511?
6
What is the ten millions digit of 1114282326?
1
What is the tens digit of 27621632?
3
What is the billions digit of 2930872755?
2
What is the thousands digit of 58896068?
6
What is the millions digit of 646082349?
6
What is the units digit of 195368486?
6
What is the hundred thousands digit of 25083572?
0
What is the millions digit of 836273320?
6
What is the millions digit of 774052090?
4
What is the ten thousands digit of 1131370?
3
What is the units digit of 148960209?
9
What is the ten millions digit of 353461477?
5
What is the hundreds digit of 398287462?
4
What is the hundred thousands digit of 44071103?
0
What is the units digit of 211702362?
2
What is the hundred thousands digit of 1284872826?
8
What is the hundred thousands digit of 237728759?
7
What is the hundreds digit of 108729506?
5
What is the tens digit of 3149405988?
8
What is the thousands digit of 19781244?
1
What is the hundreds digit of 249431519?
5
What is the hundreds digit of 1015526959?
9
What is the hundred thousands digit of 71748058?
7
What is the tens digit of 44953036?
3
What is the millions digit of 1895579289?
5
What is the hundreds digit of 1397954736?
7
What is the hundred thousands digit of 3292923?
2
What is the billions digit of 5369073656?
5
What is the hundreds digit of 156402489?
4
What is the tens digit of 63115720?
2
What is the hundreds digit of 675747531?
5
What is the hundreds digit of 157049400?
4
What is the hundreds digit of 431274923?
9
What is the hundreds digit of 1832818963?
9
What is the hundred thousands digit of 124446656?
4
What is the millions digit of 4280367355?
0
What is the hundreds digit of 47974722?
7
What is the hundreds digit of 7713677?
6
What is the hundred thousands digit of 64345226?
3
What is the units digit of 1016106361?
1
What is the millions digit of 40463192?
0
What is the hundred millions digit of 825936042?
8
What is the hundreds digit of 255460007?
0
What is the thousands digit of 85236118?
6
What is the units digit of 44016654?
4
What is the ten thousands digit of 1765423071?
2
What is the ten millions digit of 1104027440?
0
What is the hundred thousands digit of 1155224757?
2
What is the hundred thousands digit of 653355310?
3
What is the ten millions digit of 249094726?
4
What is the ten thousands digit of 1474792782?
9
What is the hundreds digit of 34278514?
5
What is the thousands digit of 739143718?
3
What is the thousands digit of 649663047?
3
What is the tens digit of 1861321800?
0
What is the millions digit of 167319571?
7
What is the ten millions digit of 67884393?
6
What is the millions digit of 67812739?
7
What is the ten millions digit of 1945587392?
4
What is the units digit of 14950198?
8
What is the thousands digit of 55094758?
4
What is the ten thousands digit of 822249926?
4
What is the units digit of 885557330?
0
What is the units digit of 1077903916?
6
What is the millions digit of 173041003?
3
What is the hundred millions digit of 2133035160?
1
What is the millions digit of 69579953?
9
What is the hundred millions digit of 2686641145?
6
What is the ten millions digit of 690639476?
9
What is the ten millions digit of 57763785?
5
What is the units digit of 61554823?
3
What is the hundred millions digit of 273104652?
2
What is the hundreds digit of 114125550?
5
What is the hundred thousands digit of 4506005?
5
What is the units digit of 309817024?
4
What is the hundred thousands digit of 469962208?
9
What is the units digit of 107940544?
4
What is the units digit of 1322280300?
0
What is the hundreds digit of 32681791?
7
What is the tens digit of 3608145493?
9
What is the thousands digit of 365145521?
5
What is the tens digit of 2666353868?
6
What is the hundred millions digit of 2967856226?
9
What is the millions digit of 49156564?
9
What is the hundred thousands digit of 316577896?
5
What is the hundreds digit of 77843753?
7
What is the ten millions digit of 101523136?
0
What is the tens digit of 5043360486?
8
What is the tens digit of 73194062?
6
What is the tens digit of 150176805?
0
What is the units digit of 1313849285?
5
What is the hundred thousands digit of 511883481?
8
What is the hundreds digit of 536649408?
4
What is the tens digit of 1409515839?
3
What is the tens digit of 119325285?
8
What is the hundred millions digit of 283583412?
2
What is the thousands digit of 16974417?
4
What is the millions digit of 752023260?
2
What is the tens digit of 476785692?
9
What is the tens digit of 17856970?
7
What is the hundred millions digit of 593841254?
5
What is the millions digit of 14719098?
4
What is the thousands digit of 1718618900?
8
What is the units digit of 681196825?
5
What is the units digit of 59949425?
5
What is the thousands digit of 90448815?
8
What is the units digit of 1897153808?
8
What is the ten millions digit of 3049294664?
4
What is the ten millions digit of 743958999?
4
What is the hundreds digit of 1693254102?
1
What is the hundreds digit of 89040379?
3
What is the hundred thousands digit of 77516883?
5
What is the millions digit of 84281414?
4
What is the ten thousands digit of 56661580?
6
What is the tens digit of 1544877613?
1
What is the millions digit of 33811867?
3
What is the thousands digit of 41613674?
3
What is the hundred millions digit of 188655675?
1
What is the units digit of 9256008915?
5
What is the ten thousands digit of 32289352?
8
What is the tens digit of 119502775?
7
What is the ten millions digit of 542437389?
4
What is the units digit of 1034366191?
1
What is the tens digit of 585904179?
7
What is the hundred thousands digit of 558789828?
7
What is the ten millions digit of 476840472?
7
What is the tens digit of 2196481238?
3
What is the hundred thousands digit of 11996777?
9
What is the thousands digit of 33447914?
7
What is the millions digit of 62801960?
2
What is the tens digit of 10628816?
1
What is the tens digit of 785517721?
2
What is the millions digit of 10378025?
0
What is the ten thousands digit of 368928700?
2
What is the ten millions digit of 2133553140?
3
What is the millions digit of 1384891309?
4
What is the thousands digit of 34349346?
9
What is the ten